se -3*c + 10 = 4*p - 69, l*c = 4*p - 39. What is the highest common divisor of p and 272?
16
Suppose 78 + 24 = 3*d. Suppose 5*w - 55 = 3*u, -6*w - 22 = -8*w + 2*u. Suppose 6*r - w*r + 340 = 0. Calculate the highest common divisor of r and d.
34
Let q = 42 + -25. Suppose 0 = -5*b + q - 2. Suppose 0 = -3*v - 8 + 11. Calculate the highest common divisor of v and b.
1
Suppose -2*p = -p - 124. Let f = 0 - -31. Calculate the greatest common divisor of f and p.
31
Let y(x) = 6*x + 6. Let u be y(8). What is the greatest common factor of 6 and u?
6
Let b = -87 + 327. Calculate the greatest common factor of 24 and b.
24
Let j(h) = 19*h**2 - h. Let d(s) = -s**2 - 10*s + 1. Let x be d(-10). Let i be j(x). Let t = -12 + i. What is the highest common divisor of t and 4?
2
Let q(d) = -2*d + 6. Let u be q(7). Let c be (10 - u)/(1*2). What is the greatest common factor of c and 9?
9
Suppose 0 = -4*s + 816 + 80. What is the highest common divisor of 28 and s?
28
Let g be (-4)/16*-36 - -1597. What is the greatest common divisor of 22 and g?
22
Suppose l = h - 3 - 6, 3*h = -l + 15. Calculate the greatest common factor of 642 and h.
6
Let p = 29 + -29. Suppose 2*j + 2*j - 24 = p. What is the greatest common factor of j and 2?
2
Let r(t) = -8*t - 73. Let h be r(-17). What is the greatest common factor of h and 84?
21
Let b = 9 + 27. Suppose -7*y - 8 = -92. What is the highest common divisor of b and y?
12
Let n(c) = -10*c - 3. Let j(v) = 2*v + 13. Let s be j(-7). Let x be n(s). Let u = 23 - 16. Calculate the greatest common divisor of u and x.
7
Suppose 3*r - 61 - 29 = 0. What is the greatest common divisor of r and 135?
15
Suppose 7*r - 4*r = 348. Calculate the highest common divisor of 87 and r.
29
Let k(a) = -a**3 + a**2 + 136*a - 40. Let o be k(12). Let c = -3 - -5. What is the greatest common divisor of o and c?
2
Suppose 1680 = 178*k - 157*k. Calculate the highest common divisor of k and 96.
16
Let c(h) = -50*h - 27. Let p be c(-11). Suppose -p + 48 = -5*o. Let z = o - 66. Calculate the greatest common factor of 116 and z.
29
Let p(k) = -k + 2. Let d be p(-2). Let r = 119 + -72. Suppose -r - 217 = -d*m. What is the highest common factor of m and 33?
33
Suppose 21*j - 130 = 8*j. Calculate the highest common divisor of 160 and j.
10
Suppose -4*h = -407 + 375. What is the greatest common factor of 648 and h?
8
Suppose -5*k + 128 = -0*g - g, -2*g = 2*k - 56. Suppose k = 4*i - i - t, 5*t - 10 = -5*i. What is the greatest common factor of i and 1?
1
Let b(p) = p - 6. Let j = 3 + 6. Let k be b(j). Let w = 83 - 80. What is the highest common divisor of k and w?
3
Suppose 0 = -3*n - 4*v + 29, -5*n = -6*n - 4*v + 23. Calculate the highest common divisor of 33 and n.
3
Suppose -15*z + 4180 = 23*z. What is the highest common divisor of 55 and z?
55
Suppose -3*k = 2*k - 10. Suppose 9 = -k*y + 3*y. What is the greatest common divisor of y and 63?
9
Suppose 10*w - 345 = 5*w. Suppose 2*r + 108 = -44. Let q = -53 - r. Calculate the highest common factor of w and q.
23
Let m(v) = -3*v + 17. Let s be m(5). Suppose -13 = -3*b - p, -s*b + 4*p = 3*p - 7. Calculate the greatest common divisor of b and 4.
4
Suppose -6378 = -27*a + 4638. Calculate the highest common divisor of a and 255.
51
Let x be (-31)/(5 + 112/(-21)). Calculate the highest common factor of x and 1.
1
Suppose -104 = -9*t + 130. Calculate the greatest common factor of t and 39.
13
Suppose 4*a - 16 = 32. Let u be (146/(-6))/(7/(-21)). Suppose -2*t + u = 1. Calculate the highest common divisor of a and t.
12
Let l = 25 + -31. Let k(p) = 2*p**2 + 12. Let u be k(l). What is the greatest common factor of 21 and u?
21
Let s = -255 + 455. What is the greatest common divisor of 25 and s?
25
Let y(c) = c**3 - 6*c**2 - 11*c. Let m(n) = -2*n - 6. Let x be m(-7). Let q be y(x). Calculate the highest common divisor of q and 100.
20
Let m(z) be the third derivative of z**4/8 - 2*z**3/3 + z**2. Let d = 93 - 84. Let r be m(d). Calculate the highest common divisor of r and 92.
23
Suppose 3*p + 8 = 2*x, 3*x + 3*p + 7 - 4 = 0. Calculate the greatest common divisor of x and 18.
1
Let w = 224 + -179. What is the greatest common divisor of w and 405?
45
Let a = 110 + -85. Suppose 0*t = 3*t - 525. What is the highest common factor of a and t?
25
Let n = -3 - -5. Let o be 2 + n + (-32)/1. Let r be 1/((o/368)/(-7)). What is the highest common factor of 23 and r?
23
Let g = 1503 - 519. What is the highest common divisor of g and 123?
123
Let x = 4 + 6. Let m(u) = -5*u**3 - u**2 + 17*u + 35. Let b be m(-3). Calculate the highest common divisor of x and b.
10
Suppose -21*m + 168 = -18*m + 4*o, -5*o = 4*m - 224. Suppose j = -4*b + 14, -20 - 8 = -2*j - 2*b. What is the highest common factor of m and j?
14
Suppose -13*y + 17*y = 48. Let q be ((-4)/6)/(y/(-198)). Calculate the greatest common divisor of 121 and q.
11
Let l(g) = -4*g - 10. Let d be l(-5). Let z = d - 7. Suppose z = y + 6, y - 51 = -2*u. What is the greatest common divisor of 9 and u?
9
Let b(s) = -5*s - 18 - 2*s - s + 2*s. Let n be b(-13). What is the highest common factor of n and 15?
15
Suppose -5 - 3 = 2*k. Let o be 22*(-2)/k*1. Suppose 14*j - o*j = 6. Calculate the greatest common factor of 22 and j.
2
Let v(j) = 2*j + 10. Let x be v(6). Suppose 2*c = 5*b + 9, -3*c + x = -4*b - 2. Calculate the highest common divisor of 18 and c.
6
Let v = 262 - 119. Let w be (-1)/(-2)*13*(-12 - -23 - 9). What is the greatest common factor of w and v?
13
Suppose -4*i + 2*q = -6, -3 = 4*i - 3*i - 5*q. Suppose 7 = j - 4*r - 7, 0 = -i*j + 5*r + 22. Calculate the highest common divisor of 48 and j.
6
Suppose 16*y - 896 = -12*y. Calculate the highest common factor of 112 and y.
16
Let n = 2918 - 2238. Calculate the highest common factor of n and 10.
10
Let o = 4410 + -2404. What is the greatest common factor of 59 and o?
59
Let r = -1337 - -1342. What is the highest common factor of r and 1655?
5
Suppose 0 = -4*f - 3*d + 208 + 580, -5*f = 2*d - 992. Calculate the greatest common divisor of 900 and f.
100
Suppose 0 = 4*q + 5*i - 30 + 10, q - 16 = -4*i. Let n be -2*((-2 - q) + 15). Let o = -2 - n. Calculate the highest common divisor of o and 168.
24
Let b(j) = 25*j**2 + 6*j - 4 + 3 - 4*j. Let z be b(1). What is the highest common factor of z and 104?
26
Let r = 619 - 60. Suppose -5*c + r = -206. Calculate the greatest common factor of c and 17.
17
Let v = -831 + 977. Calculate the highest common factor of v and 2.
2
Suppose 9*i - 330 = 4*i. Suppose -5*h + i = 11. Calculate the highest common divisor of 11 and h.
11
Let t = 12 + -8. Let u(p) = 19*p**3 - p**2 - 3*p + 5. Let n be u(1). What is the highest common factor of t and n?
4
Suppose -8*x + 3*x + 25 = 0. Let q be x/(-5) - (-2 - 13). Let c be q*(-2)/4*-3. Calculate the greatest common divisor of 14 and c.
7
Let i(z) = -2*z**3 + 2*z**2 - 9*z + 14. Let m be i(0). Calculate the greatest common divisor of m and 2.
2
Suppose -3*n - 3*s = -7*s + 9255, 5*s - 3096 = n. Let d be n/(-15) - (-6)/(-15). Let m = -120 + d. Calculate the highest common divisor of 17 and m.
17
Let g(y) = 7*y - 9. Suppose 3*p = 5*w + 26, -6*p - 3*w - 8 = -4*p. Let t be g(p). Calculate the greatest common divisor of 5 and t.
5
Let m be 49/(-7)*54/(-42). What is the highest common divisor of 369 and m?
9
Suppose -12*f + 28 = -8*f. Let h be (1/1 - -35) + (7 - 8). What is the highest common divisor of h and f?
7
Let w be 10 + -11 - 106/(-2). Suppose -4*c + 5*s + w = 0, 32 = 5*c + s + s. Calculate the highest common factor of 2 and c.
2
Suppose 0 + 4 = -4*v. Let l be (6 - 2) + (-3)/v. What is the greatest common divisor of 56 and l?
7
Let t be (33/(-4))/(4 - (-124)/(-32)). Let y = -14 - t. What is the highest common factor of y and 4?
4
Let h = -16 - -36. Let s(i) = -4*i**2 - i**2 - 4*i + 6*i**2 + 5. Let y be s(4). Calculate the greatest common factor of h and y.
5
Let u = -39 - -20. Let p = 17 + u. Let v be (p/(-10))/((-1)/(-85)). Calculate the greatest common factor of v and 187.
17
Let h = 80 + -38. Let n be 581/h - (-1)/6. Calculate the highest common factor of n and 14.
14
Suppose b - 2*r - 18 = 4, -82 = -5*b + 3*r. Calculate the highest common divisor of 98 and b.
14
Suppose 0*q - 280 = -14*q. Calculate the highest common factor of 540 and q.
20
Let q(w) = w**3 - 4*w**2 + 2